ctor of 676 and 169?
169
Calculate the greatest common divisor of 4 and 96.
4
Calculate the greatest common divisor of 6 and 34824.
6
What is the highest common divisor of 9 and 19?
1
What is the greatest common factor of 79 and 30257?
79
Calculate the greatest common divisor of 77 and 3399.
11
Calculate the greatest common divisor of 20 and 70.
10
What is the greatest common divisor of 2416 and 32?
16
Calculate the greatest common divisor of 2176 and 68.
68
What is the highest common divisor of 24 and 10908?
12
Calculate the greatest common factor of 218 and 5341.
109
Calculate the greatest common factor of 80 and 128.
16
What is the greatest common factor of 79 and 1?
1
Calculate the highest common factor of 28 and 1288.
28
Calculate the highest common factor of 74 and 666.
74
What is the greatest common divisor of 1235 and 95?
95
Calculate the greatest common factor of 36 and 2124.
36
Calculate the greatest common divisor of 162 and 8829.
81
Calculate the highest common factor of 2021 and 43.
43
Calculate the highest common factor of 27 and 1098.
9
Calculate the highest common factor of 89 and 1424.
89
Calculate the greatest common factor of 175 and 14.
7
Calculate the greatest common divisor of 616 and 420.
28
What is the greatest common factor of 2783 and 161?
23
Calculate the greatest common factor of 224 and 3556.
28
Calculate the highest common divisor of 110 and 385.
55
Calculate the highest common factor of 105 and 525.
105
Calculate the greatest common factor of 897 and 195.
39
What is the highest common factor of 15 and 45?
15
Calculate the highest common factor of 48 and 15.
3
Calculate the greatest common factor of 21710 and 26.
26
What is the highest common divisor of 319 and 11?
11
Calculate the highest common divisor of 41 and 287.
41
What is the greatest common divisor of 165 and 440?
55
What is the greatest common divisor of 296 and 72?
8
What is the highest common divisor of 7145 and 5?
5
Calculate the highest common factor of 913 and 1328.
83
Calculate the highest common divisor of 16 and 80.
16
What is the highest common factor of 175 and 35?
35
Calculate the highest common factor of 44 and 902.
22
What is the highest common divisor of 16 and 5072?
16
What is the greatest common factor of 368 and 414?
46
Calculate the highest common factor of 22 and 3267.
11
What is the greatest common divisor of 10 and 254?
2
Calculate the highest common divisor of 4 and 236.
4
What is the highest common divisor of 612 and 272?
68
Calculate the greatest common factor of 9 and 225.
9
Calculate the greatest common factor of 46 and 2875.
23
Calculate the highest common divisor of 5 and 18.
1
What is the greatest common factor of 427 and 3782?
61
Calculate the highest common factor of 26 and 5421.
13
Calculate the highest common divisor of 1374 and 6.
6
Calculate the greatest common divisor of 1886 and 1066.
82
Calculate the highest common factor of 38064 and 39.
39
What is the highest common divisor of 22 and 814?
22
Calculate the greatest common divisor of 546 and 14.
14
Calculate the highest common divisor of 5810 and 130.
10
What is the highest common factor of 540 and 200?
20
What is the highest common divisor of 418 and 22?
22
What is the highest common factor of 6412 and 28?
28
What is the greatest common divisor of 36 and 450?
18
Calculate the greatest common divisor of 260 and 1220.
20
What is the highest common divisor of 154 and 24486?
154
What is the highest common factor of 13 and 39?
13
What is the greatest common factor of 11952 and 90?
18
Calculate the highest common divisor of 1170 and 50.
10
What is the highest common factor of 9 and 38367?
9
What is the greatest common divisor of 9 and 189?
9
What is the greatest common divisor of 448 and 1760?
32
Calculate the highest common divisor of 22 and 154.
22
Calculate the greatest common divisor of 9814 and 7.
7
What is the highest common factor of 260 and 585?
65
What is the highest common factor of 1236 and 1020?
12
Calculate the greatest common divisor of 17 and 136.
17
Calculate the highest common divisor of 90408 and 24.
24
Calculate the greatest common factor of 128 and 104.
8
What is the highest common factor of 4 and 16?
4
Calculate the highest common factor of 1309 and 154.
77
Calculate the highest common divisor of 294 and 78.
6
Calculate the greatest common factor of 2475 and 180.
45
What is the highest common divisor of 2289 and 42?
21
What is the greatest common divisor of 84 and 588?
84
What is the highest common factor of 1150 and 50?
50
Calculate the greatest common divisor of 54 and 81.
27
Calculate the greatest common factor of 814 and 74.
74
Calculate the greatest common divisor of 9 and 2187.
9
What is the greatest common factor of 6 and 6963?
3
What is the greatest common factor of 1330 and 14?
14
What is the highest common divisor of 176 and 11?
11
Calculate the highest common divisor of 16 and 10568.
8
What is the highest common divisor of 51 and 2958?
51
What is the highest common factor of 117 and 104?
13
What is the highest common divisor of 325 and 175?
25
Calculate the highest common factor of 3724 and 14.
14
What is the highest common factor of 105 and 1134?
21
Calculate the greatest common divisor of 15 and 55.
5
Calculate the greatest common factor of 9 and 13.
1
Calculate the greatest common divisor of 189 and 21.
21
Calculate the greatest common factor of 8 and 8104.
8
Calculate the greatest common divisor of 76 and 10564.
76
Calculate the highest common divisor of 130 and 10.
10
Calculate the greatest common divisor of 7 and 182.
7
What is the highest common factor of 7125 and 300?
75
Calculate the highest common divisor of 636 and 36.
12
Calculate the highest common factor of 490 and 882.
98
Calculate the greatest common factor of 325 and 26.
13
Calculate the greatest common factor of 154 and 1034.
22
Calculate the greatest common factor of 13 and 1391.
13
Calculate the highest common factor of 888 and 2775.
111
What is the highest common divisor of 715 and 65?
65
What is the highest common factor of 72 and 12?
12
What is the highest common factor of 574 and 492?
82
What is the greatest common divisor of 100 and 1600?
100
Calculate the highest common divisor of 4 and 316.
4
Calculate the greatest common factor of 399 and 114.
57
Calculate the greatest common factor of 265 and 848.
53
Calculate the highest common divisor of 124 and 13640.
124
What is the highest common factor of 649 and 177?
59
Calculate the greatest common factor of 29 and 87.
29
What is the greatest common divisor of 75 and 20?
5
Calculate the greatest common factor of 1888 and 32.
32
Calculate the highest common divisor of 252 and 238.
14
Calculate the greatest common factor of 60 and 36.
12
What is the highest common divisor of 320 and 5?
5
Calculate the highest common divisor of 8 and 184.
8
What is the greatest common divisor of 525 and 225?
75
Calculate the highest common factor of 14213 and 466.
233
Calculate the highest common factor of 848 and 5618.
106
Calculate the greatest common divisor of 3664 and 16.
16
Calculate the highest common factor of 40 and 49.
1
What is the greatest common factor of 30 and 19485?
15
What is the greatest common divisor of 33 and 88?
11
Calculate the greatest common factor of 114 and 36.
6
Calculate the highest common divisor of 1593 and 54.
27
What is the highest common factor of 4040 and 40?
40
What is the highest common factor of 30 and 6?
6
Calculate the highest common divisor of 868 and 1484.
28
What is the greatest common factor of 3776 and 7316?
236
Calculate the greatest common divisor of 21 and 91.
7
Calculate the greatest common divisor of 26 and 2782.
26
What is the highest common factor of 12 and 57?
3
Calculate the highest common divisor of 475 and 145.
5
What is the highest common divisor of 55 and 88?
11
What is the highest common divisor of 335 and 10?
5
Calculate the greatest common divisor of 12980 and 40.
20
Calculate the greatest common divisor of 32 and 2968.
8
Calculate the highest common divisor of 63 and 231.
21
Calculate the greatest common factor of 1053 and 143.
13
Calculate the highest common divisor of 120 and 570.
30
What is the greatest common divisor of 2 and 8?
2
Calculate the greatest common divisor of